7
-20
What is 20 (base 4) in base 15?
8
What is -115 (base 10) in base 15?
-7a
141 (base 11) to base 4
2212
-3 (base 7) to base 12
-3
What is a (base 15) in base 4?
22
4 (base 13) to base 5
4
What is 9 (base 14) in base 3?
100
What is 330 (base 10) in base 5?
2310
-152 (base 7) to base 4
-1112
Convert 2 (base 8) to base 4.
2
Convert -7c (base 14) to base 15.
-75
Convert 5 (base 11) to base 5.
10
Convert 6 (base 7) to base 6.
10
Convert -4 (base 7) to base 12.
-4
Convert 13 (base 5) to base 16.
8
-3 (base 14) to base 5
-3
What is -18 (base 10) in base 14?
-14
Convert -264 (base 8) to base 11.
-154
What is -24 (base 10) in base 7?
-33
What is 2 (base 7) in base 2?
10
What is -11 (base 5) in base 11?
-6
Convert 42 (base 6) to base 3.
222
Convert 221 (base 3) to base 14.
1b
Convert -3 (base 11) to base 3.
-10
What is -110010 (base 2) in base 16?
-32
Convert 4 (base 7) to base 10.
4
What is -110 (base 3) in base 8?
-14
Convert -5 (base 10) to base 5.
-10
-36 (base 15) to base 3
-1220
What is -10 (base 6) in base 11?
-6
Convert 1 (base 7) to base 14.
1
184 (base 11) to base 6
553
-17 (base 10) to base 7
-23
0 (base 9) to base 15
0
302 (base 5) to base 3
2212
What is 35 (base 7) in base 16?
1a
-3 (base 7) to base 10
-3
What is -9 (base 15) in base 5?
-14
What is -1011 (base 2) in base 7?
-14
-168 (base 11) to base 15
-d0
Convert 5 (base 6) to base 7.
5
Convert -13 (base 15) to base 4.
-102
What is -11 (base 9) in base 10?
-10
-330 (base 8) to base 6
-1000
Convert -3 (base 16) to base 14.
-3
What is 14 (base 6) in base 3?
101
What is 2001 (base 3) in base 12?
47
Convert -101 (base 3) to base 4.
-22
20 (base 9) to base 7
24
Convert 1c (base 15) to base 14.
1d
Convert -1110 (base 2) to base 15.
-e
What is 17 (base 11) in base 13?
15
What is 2 (base 4) in base 3?
2
232 (base 6) to base 13
71
What is -1 (base 4) in base 2?
-1
What is 0 (base 8) in base 12?
0
What is -7a (base 16) in base 13?
-95
What is -229 (base 10) in base 3?
-22111
Convert 9 (base 10) to base 14.
9
Convert -4 (base 12) to base 7.
-4
What is 32 (base 5) in base 12?
15
-5 (base 6) to base 13
-5
What is 12 (base 6) in base 2?
1000
Convert 20 (base 4) to base 6.
12
1 (base 3) to base 15
1
Convert -4 (base 12) to base 6.
-4
Convert -1 (base 3) to base 16.
-1
What is 1232 (base 4) in base 3?
11002
What is -11 (base 8) in base 5?
-14
Convert 130 (base 12) to base 3.
20200
-5 (base 9) to base 10
-5
-4 (base 14) to base 9
-4
What is -11 (base 6) in base 2?
-111
Convert 5 (base 8) to base 4.
11
40 (base 14) to base 13
44
Convert 1 (base 12) to base 9.
1
What is -5 (base 16) in base 3?
-12
What is 206 (base 7) in base 6?
252
1001001 (base 2) to base 5
243
Convert 1a9 (base 13) to base 6.
1232
Convert -1111 (base 2) to base 7.
-21
What is -31 (base 7) in base 16?
-16
Convert -122 (base 4) to base 6.
-42
Convert 14 (base 12) to base 16.
10
What is 6 (base 8) in base 7?
6
a (base 13) to base 10
10
Convert 1 (base 8) to base 15.
1
Convert -1000011 (base 2) to base 8.
-103
-16 (base 10) to base 2
-10000
What is 1 (base 3) in base 6?
1
-31 (base 11) to base 9
-37
What is 67 (base 13) in base 10?
85
Convert 4 (base 6) to base 7.
4
What is 2 (base 13) in base 16?
2
What is -320 (base 5) in base 12?
-71
What is -29 (base 10) in base 13?
-23
What is -4 (base 5) in base 8?
-4
What is 1 (base 15) in base 12?
1
What is 0 (base 4) in base 10?
0
6 (base 16) to base 8
6
What is -222 (base 7) in base 3?
-11020
-11001110 (base 2) to base 8
-316
What is -101 (base 4) in base 10?
-17
Convert -1 (base 2) to base 15.
-1
Convert -3 (base 11) to base 10.
-3
What is 8 (base 10) in base 15?
8
What is 3 (base 7) in base 15?
3
Convert -2 (base 12) to base 5.
-2
Convert -d (base 14) to base 12.
-11
Convert -20 (base 8) to base 14.
-12
What is -12 (base 14) in base 13?
-13
Convert 49 (base 12) to base 15.
3c
Convert 1 (base 7) to base 2.
1
Convert -40 (base 12) to base 8.
-60
Convert -3 (base 11) to base 13.
-3
What is 12 (base 3) in base 7?
5
Convert 0 (base 13) to base 12.
0
242 (base 5) to base 13
57
-122 (base 10) to base 13
-95
-3 (base 11) to base 14
-3
5 (base 8) to base 6
5
Convert 213 (base 4) to base 9.
43
Convert 101110 (base 2) to base 8.
56
40 (base 16) to base 10
64
Convert -133 (base 11) to base 7.
-313
What is 1 (base 2) in base 9?
1
What is 4 (base 16) in base 7?
4
Convert 41 (base 12) to base 3.
1211
What is 47 (base 8) in base 7?
54
-3111 (base 4) to base 2
-11010101
Convert 10 (base 6) to base 2.
110
Convert -88 (base 10) to base 16.
-58
What is 1 (base 12) in base 15?
1
-d4 (base 16) to base 15
-e2
-42 (base 6) to base 7
-35
Convert -22220 (base 3) to base 9.
-286
Convert 13a (base 11) to base 9.
202
15 (base 12) to base 9
18
-4 (base 10) to base 9
-4
Convert -11 (base 3) to base 9.
-4
-2 (base 5) to base 16
-2
Convert -315 (base 6) to base 12.
-9b
-3 (base 16) to base 7
-3
Convert 145 (base 9) to base 10.
122
What is -4e (base 15) in base 7?
-134
What is -82 (base 10) in base 5?
-312
What is 222 (base 4) in base 6?
110
Convert -3 (base 9) to base 4.
-3
3 (base 5) to base 11
3
Convert 56 (base 7) to base 3.
1112
Convert 11 (base 5) to base 7.
6
Convert -1 (base 5) to base 11.
-1
What is -12 (base 6) in base 7?
-11
What is 112 (base 4) in base 2?
10110
-86 (base 11) to base 14
-6a
Convert -6 (base 9) to base 3.
-20
Convert -10202 (base 3) to base 14.
-73
What is -212 (base 4) in base 11?
-35
Convert -230 (base 7) to base 10.
-119
Convert 1 (base 6) to base 12.
1
What is -39 (base 12) in base 16?
-2d
-7 (base 10) to base 13
-7
-81 (base 9) to base 7
-133
Convert 101 (base 3) to base 12.
a
-1 (base 3) to base 5
-1
Convert 14 (base 10) to base 12.
12
23 (base 14) to base 3
1011
Convert 26 (base 14) to base 9.
37
0 (base 13) to base 9
0
125 (base 6) to base 4
311
11 (base 6) to base 5
12
What is -13 (base 5) in base 6?
-12
Convert -111 (base 2) to base 15.
-7
Convert -2 (base 8) to base 14.
-2
What is -31 (base 5) in base 4?
-100
9 (base 16) to base 5
14
Convert 54 (base 9) to base 2.
110001
4 (base 6) to base 16
4
6 (base 10) to base 8
6
Convert -3 (base 7) to base 15.
-3
1 (base 4) to base 14
1
What is 10 (base 6) in base 4?
12
2 (base 14) to base 7
2
What is -111 (base 5) in base 6?
-51
61 (base 8) to base 13
3a
-111 (base 2) to base 9
-7
204 (base 7) to base 15
6c
What is -1 (base 12) in base 5?
-1
Convert -115 (base 7) to base 6.
-141
Convert -147 (base 8) to base 12.
-87
What is -14 (base 7) in base 15?
-b
25 (base 15) to base 6
55
e (base 15) to base 13
11
7 (base 8) to base 3
21
-35 (base 13) to base 12
-38
403 (base 8) to base 7
520
0 (base 12) to base 11
0
Convert 29 (base 10) to base 15.
1e
Convert 11 (base 8) to base 12.
9
Convert -14 (base 5) to base 16.
-9
Convert 20 (base 3) to base 7.
6
What is 0 (base 11) in base 2?
0
What is 6 (base 12) in base 5?
11
Convert 64 (base 15) to base 6.
234
232 (base 4) to base 13
37
Convert 0 (base 3) to base 4.
0
What is 1011 (base 2) in base 15?
b
Convert -34 (base 5) to base 2.
-10011
Convert -1 (base 4) to base 12.
-1
-1 (base 5) to base 15
-1
Convert -d (base 15) to base 13.
-10
Convert -2 (base 14) to base 16.
-2
2 (base 7) to base 3
2
What is -11 (base 7) in base 10?
-8
Convert 3a (base 16) to base 14.
42
Convert -210 (base 3) to base 9.
-23
-3 (base 8) to base 11
-3
Convert -1 (base 8) to base 3.
-1
What is -b7 (base 16) in base 9?
-223
What is 0 (base 8) in base 5?
0
Convert -c (base 14) to base 12.
-10
Convert 4 (base 10) to base 13.
4
Convert 0 (base 11) to base 2.
0
58 (base 15) to base 11
76
What is 1 (base 3) in base 14?
1
Convert -3 (base 4) to base 3.
-10
2402 (base 5) to base 6
1344
What is -2 (base 5) in base 12?
-2
Convert -110 (base 2) to base 5.
-11
Convert -1 (base 11) to base 3.
-1
1 (base 7) to base 6
1
What is -5 (base 7) in base 8?
-5
11 (base 2) to base 15
3
9 (base 16) to base 5
14
What is -4 (base 15) in base 4?
-10
What is -11d (base 14) in base 10?
-223
What is 2b (base 15) in base 7?
56
What is 22 (base 6) in base 11?
13
What is -87 (base 16) in base 10?
-135
What is -1 (base 3) in base 12?
-1
What is -28 (base 9) in base 3?
-222
-61 (base 13) to base 12
-67
22 (base 6) to base 7
20
453 (base 6) to base 5
1202
What is 10011010 (base 2) in base 11?
130
Convert 9 (base 16) to base 9.
10
Convert 14 (base 16) to base 9.
22
Conver